{"id":1194,"date":"2026-04-13T11:43:59","date_gmt":"2026-04-13T11:43:59","guid":{"rendered":"https:\/\/www.tryggtrafikk.no\/fylkeskontorer\/?page_id=1194"},"modified":"2026-04-13T13:10:46","modified_gmt":"2026-04-13T13:10:46","slug":"bruk-beina-kampanje","status":"publish","type":"page","link":"https:\/\/www.tryggtrafikk.no\/fylkeskontorer\/trygg-trafikk-rogaland\/bruk-beina-kampanje\/","title":{"rendered":"Bruk beina-kampanje"},"content":{"rendered":"\n\t\t<div class=\"alignfull wp-block-tryggtrafikk-hero\" id=\"wp-block-tryggtrafikk-hero\">\n\t\t\t<div class=\"tryggtrafikk-hero__container\">\n\t\t\t\t<div class=\"tryggtrafikk-hero__image\"><img loading=\"lazy\" width=\"768\" height=\"512\" src=\"https:\/\/www.tryggtrafikk.no\/content\/uploads\/sites\/9\/2025\/04\/Sykkeltur_TRY_03737_Foto_Morten_Brakestad-768x512.jpg\" class=\"attachment-medium_large size-medium_large\" alt=\"\" style=\"--focalpoint: 50% 50%;\" srcset=\"https:\/\/www.tryggtrafikk.no\/content\/uploads\/sites\/9\/2025\/04\/Sykkeltur_TRY_03737_Foto_Morten_Brakestad-768x512.jpg 768w, https:\/\/www.tryggtrafikk.no\/content\/uploads\/sites\/9\/2025\/04\/Sykkeltur_TRY_03737_Foto_Morten_Brakestad-300x200.jpg 300w, https:\/\/www.tryggtrafikk.no\/content\/uploads\/sites\/9\/2025\/04\/Sykkeltur_TRY_03737_Foto_Morten_Brakestad-1024x683.jpg 1024w, https:\/\/www.tryggtrafikk.no\/content\/uploads\/sites\/9\/2025\/04\/Sykkeltur_TRY_03737_Foto_Morten_Brakestad-1536x1025.jpg 1536w\" sizes=\"auto, (max-width: 768px) 100vw, 768px\" \/><\/div>\n\t\t\t\t<div class=\"tryggtrafikk-hero__content-container\">\n\t\t\t\t\t<div class=\"site-breadcrumbs\"><span><span><a href=\"https:\/\/www.tryggtrafikk.no\/fylkeskontorer\/\">Home<\/a><\/span><\/span><\/div>\n\t\t\t\t\t<h1 class=\"tryggtrafikk-hero__title\">Bruk beina-kampanje<\/h1>\n\t\t\t\t\t<div class=\"tryggtrafikk-hero__content\">\n\t\t\t\t\t\t\n<div class=\"has-text-align-left wp-block-post-excerpt\"><p class=\"wp-block-post-excerpt__excerpt\">Trygg Trafikk inviterer\u202fbarneskoler\u202ftil \u00e5 delta i \u00e5rets bruk beina-kampanje, som starter 27. april og avsluttes 29. mai. Klassene som deltar er med i trekningen av penger til klassekassen. <\/p><\/div>\n\n\t\t\t\t\t<\/div>\n\t\t\t\t<\/div>\n\t\t\t<\/div>\n\t\t<\/div>\n\t\t\n\n\n<p>Alle klasser som melder seg p\u00e5, f\u00e5r levert en stor Hjertesoneplakat<strong>\u202f<\/strong>som henges opp i klasserommet. Elevene krysser av hver dag\u00a0de\u202fg\u00e5r, sykler, l\u00f8per eller sparkesykler\u202ftil skolen.\u202f\u202f\u00a0<\/p>\n\n\n\n<h2 class=\"wp-block-heading\" id=\"h-slik-fungerer-kampanjen\">Slik fungerer kampanjen\u00a0<\/h2>\n\n\n\n<ul class=\"wp-block-list\">\n<li>Alle p\u00e5meldte klasser f\u00e5r en Hjertesone-plakat som henges opp i klasserommet.\u00a0<\/li>\n<\/ul>\n\n\n\n<ul class=\"wp-block-list\">\n<li>Elevene registrerer daglig om de g\u00e5r, sykler, l\u00f8per eller sparkesykler til skolen.\u00a0<\/li>\n<\/ul>\n\n\n\n<ul class=\"wp-block-list\">\n<li>Kampanjen varer i minimum fem uker.\u00a0<\/li>\n<\/ul>\n\n\n\n<h2 class=\"wp-block-heading\" id=\"h-pamelding-nbsp\"><strong>P\u00e5melding<\/strong>&nbsp;<\/h2>\n\n\n\n<p>Meld klassen p\u00e5 via skjemaet:&nbsp;&nbsp;<br>Ved p\u00e5melding registreres hvor mange elever som g\u00e5r og\/eller sykler.&nbsp;<\/p>\n\n\n\n<h2 class=\"wp-block-heading\" id=\"h-gjennomforing-i-klassen-nbsp\"><strong>Gjennomf\u00f8ring i klassen<\/strong>&nbsp;<\/h2>\n\n\n\n<ul class=\"wp-block-list\">\n<li>L\u00e6rer holder en\u00a0oppstartssamling.\u00a0<\/li>\n<\/ul>\n\n\n\n<ul class=\"wp-block-list\">\n<li>Elevene f\u00f8rer seg inn p\u00e5 plakaten hver dag.\u00a0<\/li>\n<\/ul>\n\n\n\n<ul class=\"wp-block-list\">\n<li>FAU og elevr\u00e5det skal involveres i kampanjen.\u00a0<\/li>\n<\/ul>\n\n\n\n<h2 class=\"wp-block-heading\" id=\"h-premier-nbsp\"><strong>Premier<\/strong>&nbsp;<\/h2>\n\n\n\n<ul class=\"wp-block-list\">\n<li>Klassene som\u00a0fullf\u00f8rer,\u00a0kan delta i trekningen av\u00a0<strong>premie p\u00e5 3 000 kr<\/strong>.\u00a0<\/li>\n<\/ul>\n\n\n\n<ul class=\"wp-block-list\">\n<li>Trekning:\u00a0<strong>1. juni 2026<\/strong>.\u00a0<\/li>\n<\/ul>\n\n\n\n<h2 class=\"wp-block-heading\" id=\"h-innsending-nbsp\"><strong>Innsending<\/strong>&nbsp;<\/h2>\n\n\n\n<p>For \u00e5 delta i trekningen m\u00e5 f\u00f8lgende sendes inn innen\u00a01. juni:\u00a0<\/p>\n\n\n\n<ul class=\"wp-block-list\">\n<li>Foto av utfylt plakat\u00a0<\/li>\n<\/ul>\n\n\n\n<ul class=\"wp-block-list\">\n<li>Antall elever som har g\u00e5tt eller syklet i kampanjeperioden\u00a0<\/li>\n\n\n\n<li>Sendes til:\u00a0<strong>rogaland@tryggtrafikk.no<\/strong>\u00a0<\/li>\n<\/ul>\n\n\n\n<p>Lykke til!\u00a0<\/p>\n\n\n\n<p><\/p>\n","protected":false},"excerpt":{"rendered":"<p>Trygg Trafikk inviterer\u202fbarneskoler\u202ftil \u00e5 delta i \u00e5rets bruk beina-kampanje, som starter 27. april og avsluttes 29. mai. Klassene som deltar er med i trekningen av penger til klassekassen. <\/p>\n","protected":false},"author":10,"featured_media":0,"parent":324,"menu_order":0,"comment_status":"closed","ping_status":"closed","template":"","meta":{"show_toc":false,"tryggtrafikk_poll_votes":[],"hide_header_title":false,"alt_breadcrumbs_title":"","footnotes":"","boosted":0},"cs_tag":[],"class_list":["post-1194","page","type-page","status-publish","hentry"],"yoast_head":"<!-- This site is optimized with the Yoast SEO Premium plugin v26.1 (Yoast SEO v26.1.1) - https:\/\/yoast.com\/wordpress\/plugins\/seo\/ -->\n<title>Bruk beina-kampanje - Trygg Trafikk - Fylkeskontorer<\/title>\n<meta name=\"robots\" content=\"index, follow, max-snippet:-1, max-image-preview:large, max-video-preview:-1\" \/>\n<link rel=\"canonical\" href=\"https:\/\/www.tryggtrafikk.no\/fylkeskontorer\/trygg-trafikk-rogaland\/bruk-beina-kampanje\/\" \/>\n<meta property=\"og:locale\" content=\"nb_NO\" \/>\n<meta property=\"og:type\" content=\"article\" \/>\n<meta property=\"og:title\" content=\"Bruk beina-kampanje\" \/>\n<meta property=\"og:description\" content=\"Trygg Trafikk inviterer\u202fbarneskoler\u202ftil \u00e5 delta i \u00e5rets bruk beina-kampanje, som starter 27. april og avsluttes 29. mai. Klassene som deltar er med i trekningen av penger til klassekassen.\" \/>\n<meta property=\"og:url\" content=\"https:\/\/www.tryggtrafikk.no\/fylkeskontorer\/trygg-trafikk-rogaland\/bruk-beina-kampanje\/\" \/>\n<meta property=\"og:site_name\" content=\"Trygg Trafikk - Fylkeskontorer\" \/>\n<meta property=\"article:modified_time\" content=\"2026-04-13T13:10:46+00:00\" \/>\n<meta name=\"twitter:card\" content=\"summary_large_image\" \/>\n<meta name=\"twitter:label1\" content=\"Ansl. lesetid\" \/>\n\t<meta name=\"twitter:data1\" content=\"1 minutt\" \/>\n<script type=\"application\/ld+json\" class=\"yoast-schema-graph\">{\"@context\":\"https:\/\/schema.org\",\"@graph\":[{\"@type\":\"WebPage\",\"@id\":\"https:\/\/www.tryggtrafikk.no\/fylkeskontorer\/trygg-trafikk-rogaland\/bruk-beina-kampanje\/\",\"url\":\"https:\/\/www.tryggtrafikk.no\/fylkeskontorer\/trygg-trafikk-rogaland\/bruk-beina-kampanje\/\",\"name\":\"Bruk beina-kampanje - Trygg Trafikk - Fylkeskontorer\",\"isPartOf\":{\"@id\":\"https:\/\/www.tryggtrafikk.no\/fylkeskontorer\/#website\"},\"datePublished\":\"2026-04-13T11:43:59+00:00\",\"dateModified\":\"2026-04-13T13:10:46+00:00\",\"breadcrumb\":{\"@id\":\"https:\/\/www.tryggtrafikk.no\/fylkeskontorer\/trygg-trafikk-rogaland\/bruk-beina-kampanje\/#breadcrumb\"},\"inLanguage\":\"nb-NO\",\"potentialAction\":[{\"@type\":\"ReadAction\",\"target\":[\"https:\/\/www.tryggtrafikk.no\/fylkeskontorer\/trygg-trafikk-rogaland\/bruk-beina-kampanje\/\"]}]},{\"@type\":\"BreadcrumbList\",\"@id\":\"https:\/\/www.tryggtrafikk.no\/fylkeskontorer\/trygg-trafikk-rogaland\/bruk-beina-kampanje\/#breadcrumb\",\"itemListElement\":[{\"@type\":\"ListItem\",\"position\":1,\"name\":\"Home\",\"item\":\"https:\/\/www.tryggtrafikk.no\/fylkeskontorer\/\"},{\"@type\":\"ListItem\",\"position\":2,\"name\":\"Trygg Trafikk Rogaland\",\"item\":\"https:\/\/www.tryggtrafikk.no\/fylkeskontorer\/trygg-trafikk-rogaland\/\"},{\"@type\":\"ListItem\",\"position\":3,\"name\":\"Bruk beina-kampanje\"}]},{\"@type\":\"WebSite\",\"@id\":\"https:\/\/www.tryggtrafikk.no\/fylkeskontorer\/#website\",\"url\":\"https:\/\/www.tryggtrafikk.no\/fylkeskontorer\/\",\"name\":\"Trygg Trafikk - Fylkeskontorer\",\"description\":\"\",\"potentialAction\":[{\"@type\":\"SearchAction\",\"target\":{\"@type\":\"EntryPoint\",\"urlTemplate\":\"https:\/\/www.tryggtrafikk.no\/fylkeskontorer\/?s={search_term_string}\"},\"query-input\":{\"@type\":\"PropertyValueSpecification\",\"valueRequired\":true,\"valueName\":\"search_term_string\"}}],\"inLanguage\":\"nb-NO\"}]}<\/script>\n<!-- \/ Yoast SEO Premium plugin. -->","yoast_head_json":{"title":"Bruk beina-kampanje - Trygg Trafikk - Fylkeskontorer","robots":{"index":"index","follow":"follow","max-snippet":"max-snippet:-1","max-image-preview":"max-image-preview:large","max-video-preview":"max-video-preview:-1"},"canonical":"https:\/\/www.tryggtrafikk.no\/fylkeskontorer\/trygg-trafikk-rogaland\/bruk-beina-kampanje\/","og_locale":"nb_NO","og_type":"article","og_title":"Bruk beina-kampanje","og_description":"Trygg Trafikk inviterer\u202fbarneskoler\u202ftil \u00e5 delta i \u00e5rets bruk beina-kampanje, som starter 27. april og avsluttes 29. mai. Klassene som deltar er med i trekningen av penger til klassekassen.","og_url":"https:\/\/www.tryggtrafikk.no\/fylkeskontorer\/trygg-trafikk-rogaland\/bruk-beina-kampanje\/","og_site_name":"Trygg Trafikk - Fylkeskontorer","article_modified_time":"2026-04-13T13:10:46+00:00","twitter_card":"summary_large_image","twitter_misc":{"Ansl. lesetid":"1 minutt"},"schema":{"@context":"https:\/\/schema.org","@graph":[{"@type":"WebPage","@id":"https:\/\/www.tryggtrafikk.no\/fylkeskontorer\/trygg-trafikk-rogaland\/bruk-beina-kampanje\/","url":"https:\/\/www.tryggtrafikk.no\/fylkeskontorer\/trygg-trafikk-rogaland\/bruk-beina-kampanje\/","name":"Bruk beina-kampanje - Trygg Trafikk - Fylkeskontorer","isPartOf":{"@id":"https:\/\/www.tryggtrafikk.no\/fylkeskontorer\/#website"},"datePublished":"2026-04-13T11:43:59+00:00","dateModified":"2026-04-13T13:10:46+00:00","breadcrumb":{"@id":"https:\/\/www.tryggtrafikk.no\/fylkeskontorer\/trygg-trafikk-rogaland\/bruk-beina-kampanje\/#breadcrumb"},"inLanguage":"nb-NO","potentialAction":[{"@type":"ReadAction","target":["https:\/\/www.tryggtrafikk.no\/fylkeskontorer\/trygg-trafikk-rogaland\/bruk-beina-kampanje\/"]}]},{"@type":"BreadcrumbList","@id":"https:\/\/www.tryggtrafikk.no\/fylkeskontorer\/trygg-trafikk-rogaland\/bruk-beina-kampanje\/#breadcrumb","itemListElement":[{"@type":"ListItem","position":1,"name":"Home","item":"https:\/\/www.tryggtrafikk.no\/fylkeskontorer\/"},{"@type":"ListItem","position":2,"name":"Trygg Trafikk Rogaland","item":"https:\/\/www.tryggtrafikk.no\/fylkeskontorer\/trygg-trafikk-rogaland\/"},{"@type":"ListItem","position":3,"name":"Bruk beina-kampanje"}]},{"@type":"WebSite","@id":"https:\/\/www.tryggtrafikk.no\/fylkeskontorer\/#website","url":"https:\/\/www.tryggtrafikk.no\/fylkeskontorer\/","name":"Trygg Trafikk - Fylkeskontorer","description":"","potentialAction":[{"@type":"SearchAction","target":{"@type":"EntryPoint","urlTemplate":"https:\/\/www.tryggtrafikk.no\/fylkeskontorer\/?s={search_term_string}"},"query-input":{"@type":"PropertyValueSpecification","valueRequired":true,"valueName":"search_term_string"}}],"inLanguage":"nb-NO"}]}},"_links":{"self":[{"href":"https:\/\/www.tryggtrafikk.no\/fylkeskontorer\/wp-json\/wp\/v2\/pages\/1194","targetHints":{"allow":["GET"]}}],"collection":[{"href":"https:\/\/www.tryggtrafikk.no\/fylkeskontorer\/wp-json\/wp\/v2\/pages"}],"about":[{"href":"https:\/\/www.tryggtrafikk.no\/fylkeskontorer\/wp-json\/wp\/v2\/types\/page"}],"author":[{"embeddable":true,"href":"https:\/\/www.tryggtrafikk.no\/fylkeskontorer\/wp-json\/wp\/v2\/users\/10"}],"replies":[{"embeddable":true,"href":"https:\/\/www.tryggtrafikk.no\/fylkeskontorer\/wp-json\/wp\/v2\/comments?post=1194"}],"version-history":[{"count":5,"href":"https:\/\/www.tryggtrafikk.no\/fylkeskontorer\/wp-json\/wp\/v2\/pages\/1194\/revisions"}],"predecessor-version":[{"id":1214,"href":"https:\/\/www.tryggtrafikk.no\/fylkeskontorer\/wp-json\/wp\/v2\/pages\/1194\/revisions\/1214"}],"up":[{"embeddable":true,"href":"https:\/\/www.tryggtrafikk.no\/fylkeskontorer\/wp-json\/wp\/v2\/pages\/324"}],"wp:attachment":[{"href":"https:\/\/www.tryggtrafikk.no\/fylkeskontorer\/wp-json\/wp\/v2\/media?parent=1194"}],"wp:term":[{"taxonomy":"cs_tag","embeddable":true,"href":"https:\/\/www.tryggtrafikk.no\/fylkeskontorer\/wp-json\/wp\/v2\/cs_tag?post=1194"}],"curies":[{"name":"wp","href":"https:\/\/api.w.org\/{rel}","templated":true}]}}