{"id":903,"date":"2025-02-10T11:26:30","date_gmt":"2025-02-10T11:26:30","guid":{"rendered":"https:\/\/www.tryggtrafikk.no\/fylkeskontorer\/?page_id=903"},"modified":"2025-04-30T08:50:12","modified_gmt":"2025-04-30T08:50:12","slug":"welcome-to-winter-wonderland","status":"publish","type":"page","link":"https:\/\/www.tryggtrafikk.no\/fylkeskontorer\/trygg-trafikk-troms\/welcome-to-winter-wonderland\/","title":{"rendered":"<strong>Welcome to winter wonderland<\/strong>"},"content":{"rendered":"\n\t\t<div class=\"alignfull wp-block-tryggtrafikk-hero\" id=\"wp-block-tryggtrafikk-hero\">\n\t\t\t<div class=\"tryggtrafikk-hero__container\">\n\t\t\t\t<div class=\"tryggtrafikk-hero__image\"><img loading=\"lazy\" width=\"768\" height=\"768\" src=\"https:\/\/www.tryggtrafikk.no\/content\/uploads\/sites\/9\/2025\/02\/Arctic-Winter-Driving-1080x1080-px_1_1-768x768.jpg\" class=\"attachment-medium_large size-medium_large\" alt=\"\" style=\"--focalpoint: 50% 93%;\" srcset=\"https:\/\/www.tryggtrafikk.no\/content\/uploads\/sites\/9\/2025\/02\/Arctic-Winter-Driving-1080x1080-px_1_1-768x768.jpg 768w, https:\/\/www.tryggtrafikk.no\/content\/uploads\/sites\/9\/2025\/02\/Arctic-Winter-Driving-1080x1080-px_1_1-300x300.jpg 300w, https:\/\/www.tryggtrafikk.no\/content\/uploads\/sites\/9\/2025\/02\/Arctic-Winter-Driving-1080x1080-px_1_1-1024x1024.jpg 1024w, https:\/\/www.tryggtrafikk.no\/content\/uploads\/sites\/9\/2025\/02\/Arctic-Winter-Driving-1080x1080-px_1_1-150x150.jpg 150w, https:\/\/www.tryggtrafikk.no\/content\/uploads\/sites\/9\/2025\/02\/Arctic-Winter-Driving-1080x1080-px_1_1.jpg 1080w\" sizes=\"auto, (max-width: 768px) 100vw, 768px\" \/><\/div>\n\t\t\t\t<div class=\"tryggtrafikk-hero__content-container\">\n\t\t\t\t\t<div class=\"site-breadcrumbs\"><span><span><a href=\"https:\/\/www.tryggtrafikk.no\/fylkeskontorer\/\">Home<\/a><\/span><\/span><\/div>\n\t\t\t\t\t<h1 class=\"tryggtrafikk-hero__title\"><strong>Welcome to winter wonderland<\/strong><\/h1>\n\t\t\t\t\t<div class=\"tryggtrafikk-hero__content\">\n\t\t\t\t\t\t\n<div class=\"has-text-align-left wp-block-post-excerpt\"><p class=\"wp-block-post-excerpt__excerpt\">Vinterturismen i Nord-Norge har tatt av! Og p\u00e5 bakgrunn av en del u\u00f8nskede hendelser og ulykker i trafikken har vi utarbeidet denne kampanjen i samarbeid med Troms\u00f8 kommune og Politiet. <\/p><\/div>\n\n\t\t\t\t\t<\/div>\n\t\t\t\t<\/div>\n\t\t\t<\/div>\n\t\t<\/div>\n\t\t\n\n\n<p>Kampanjen spres n\u00e5 i hele landsdelen. Reiselivsakt\u00f8rer kan gjerne bidra til at budskapet n\u00e5r fram til turistene gjennom bruk av disse filene:<\/p>\n\n\n\n<h2 class=\"wp-block-heading\" id=\"h-rad-for-riktig-bruk-av-filer\">R\u00e5d for riktig bruk av filer<\/h2>\n\n\n\n<p><strong>SoMe<\/strong>: 1:1 (med eller uten tekst) fungerer fint p\u00e5 Facebook, Instagram etc. Husk kreditering i innlegg:&nbsp;Photo: Colourbox | Trygg Trafikk.&nbsp;<br>F\u00f8lgetekst:&nbsp;<a href=\"https:\/\/www.tryggtrafikk.no\/content\/uploads\/sites\/9\/2025\/02\/SoMe-tekst-til-post-pluss-kred.docx\">Bruk denne f\u00f8lgeteksten, inkludert kreditering<\/a>.&nbsp;<\/p>\n\n\n\n<figure class=\"wp-block-table\"><table><tbody><tr><td>1<a href=\"https:\/\/www.tryggtrafikk.no\/content\/uploads\/sites\/9\/2025\/02\/Arctic-Winter-Driving-1080x1080-px_uten-tekst.jpg\">:1 uten tekst<\/a><\/td><\/tr><tr><td><a href=\"https:\/\/www.tryggtrafikk.no\/content\/uploads\/sites\/9\/2025\/02\/Arctic-Winter-Driving-1080x1080-px_1_1-1.jpg\">1:1 med budskapet &laquo;arctic winter driving is no joke&raquo;<\/a><\/td><\/tr><\/tbody><\/table><\/figure>\n\n\n\n<p><strong>Fysisk materiell<\/strong>&nbsp;(f.eks. i hotellresepsjoner, flyplassen, inni bil\/under vindusvisker p\u00e5 leiebil etc.): bruk plakat A3 for liggende eller plakat A4 (st\u00e5ende). Filene ligger ogs\u00e5 som trykkeklare versjoner, med passmerker. <\/p>\n\n\n\n<figure class=\"wp-block-table\"><table><tbody><tr><td><a href=\"https:\/\/www.tryggtrafikk.no\/content\/uploads\/sites\/9\/2025\/02\/Plakat-A3-Arctic-Winter-Driving.pdf\">A3 plakat <\/a><\/td><\/tr><tr><td><a href=\"https:\/\/www.tryggtrafikk.no\/content\/uploads\/sites\/9\/2025\/02\/Plakat-A3-Arctic-Winter-Driving_trykk.pdf\">A3 plakat til trykk<\/a><\/td><\/tr><tr><td><a href=\"https:\/\/www.tryggtrafikk.no\/content\/uploads\/sites\/9\/2025\/02\/Plakat-A4-Arctic-Winter-Driving.pdf\">A4 plakat<\/a><\/td><\/tr><tr><td><a href=\"https:\/\/www.tryggtrafikk.no\/content\/uploads\/sites\/9\/2025\/02\/Plakat-A4-Arctic-Winter-Driving_trykk.pdf\">A4 plakat til trykk<\/a><\/td><\/tr><\/tbody><\/table><\/figure>\n\n\n\n<p><strong>Digitale infoskjermer<\/strong><\/p>\n\n\n\n<figure class=\"wp-block-table\"><table><tbody><tr><td><a href=\"https:\/\/www.tryggtrafikk.no\/content\/uploads\/sites\/9\/2025\/02\/TT_widescreen_Arctic-Driving.jpg\">Materiell til infoskjermer &#8211; widescreen<\/a><\/td><\/tr><\/tbody><\/table><\/figure>\n\n\n\n<h2 class=\"wp-block-heading\" id=\"h-filer-til-bruk-i-tromso\">Filer til bruk i Troms\u00f8<\/h2>\n\n\n\n<p>Hvis filene skal benyttes i Troms\u00f8, kan du benytte materiell med Troms\u00f8 kommune sin logo.<\/p>\n\n\n\n<p><strong>SoMe:<\/strong> <a href=\"https:\/\/www.tryggtrafikk.no\/content\/uploads\/sites\/9\/2025\/02\/SoMe-tekst-til-post-pluss-kred.docx\">Bruk denne f\u00f8lgeteksten, inkludert kreditering<\/a> for bruk p\u00e5 SoMe.\u00a0<\/p>\n\n\n\n<figure class=\"wp-block-table\"><table><tbody><tr><td><a href=\"https:\/\/www.tryggtrafikk.no\/content\/uploads\/sites\/9\/2025\/02\/Arctic-winter-driving-SoMe-1_1-uten-tekst.jpg\">1:1 uten tekst &#8211; til bruk i SoMe<\/a><\/td><\/tr><tr><td><a href=\"https:\/\/www.tryggtrafikk.no\/content\/uploads\/sites\/9\/2025\/02\/Arctic-winter-driving-SoMe-1_1.jpg\">1:1 med budskapet &laquo;arctic winter driving is no joke&raquo; &#8211; til bruk i SoMe<\/a><\/td><\/tr><tr><td><a href=\"https:\/\/www.tryggtrafikk.no\/content\/uploads\/sites\/9\/2025\/02\/Plakat-A3-Arctic-winter-driving.pdf\">A3 plakat <\/a><\/td><\/tr><tr><td><a href=\"https:\/\/www.tryggtrafikk.no\/content\/uploads\/sites\/9\/2025\/02\/Plakat-A3-Arctic-winter-driving_trykk.pdf\">A3 plakat til trykk<\/a><\/td><\/tr><tr><td><a href=\"https:\/\/www.tryggtrafikk.no\/content\/uploads\/sites\/9\/2025\/02\/Plakat-A4-Arctic-Winter-Driving-1.pdf\">A4 plakat<\/a><\/td><\/tr><tr><td><a href=\"https:\/\/www.tryggtrafikk.no\/content\/uploads\/sites\/9\/2025\/02\/Plakat-A4-Arctic-Winter-Driving_trykk-1.pdf\">A4 plakat til trykk<\/a><\/td><\/tr><tr><td><a href=\"https:\/\/www.tryggtrafikk.no\/content\/uploads\/sites\/9\/2025\/02\/Arctic-winter-driving_widescreen_.jpg\">Materiell til infoskjermer<\/a><\/td><\/tr><\/tbody><\/table><\/figure>\n\n\n\n<p><a href=\"https:\/\/www.tv2.no\/nyheter\/innenriks\/advarer-forholdene-her-er-ingen-spok\/17347756\/\">Her kan du lese en artikkel fra TV2 om problemet. <\/a><\/p>\n","protected":false},"excerpt":{"rendered":"<p>Vinterturismen i Nord-Norge har tatt av! Og p\u00e5 bakgrunn av en del u\u00f8nskede hendelser og ulykker i trafikken har vi utarbeidet denne kampanjen i samarbeid med Troms\u00f8 kommune og Politiet.<\/p>\n","protected":false},"author":10,"featured_media":904,"parent":23,"menu_order":0,"comment_status":"closed","ping_status":"closed","template":"","meta":{"show_toc":false,"tryggtrafikk_poll_votes":[],"hide_header_title":false,"alt_breadcrumbs_title":"","footnotes":"","boosted":0},"cs_tag":[],"class_list":["post-903","page","type-page","status-publish","has-post-thumbnail","hentry"],"yoast_head":"<!-- This site is optimized with the Yoast SEO Premium plugin v26.1 (Yoast SEO v26.1.1) - https:\/\/yoast.com\/wordpress\/plugins\/seo\/ -->\n<title>Welcome to winter wonderland - Trygg Trafikk - Fylkeskontorer<\/title>\n<meta name=\"robots\" content=\"index, follow, max-snippet:-1, max-image-preview:large, max-video-preview:-1\" \/>\n<link rel=\"canonical\" href=\"https:\/\/www.tryggtrafikk.no\/fylkeskontorer\/trygg-trafikk-troms\/welcome-to-winter-wonderland\/\" \/>\n<meta property=\"og:locale\" content=\"nb_NO\" \/>\n<meta property=\"og:type\" content=\"article\" \/>\n<meta property=\"og:title\" content=\"Welcome to winter wonderland\" \/>\n<meta property=\"og:description\" content=\"Vinterturismen i Nord-Norge har tatt av! Og p\u00e5 bakgrunn av en del u\u00f8nskede hendelser og ulykker i trafikken har vi utarbeidet denne kampanjen i samarbeid med Troms\u00f8 kommune og Politiet.\" \/>\n<meta property=\"og:url\" content=\"https:\/\/www.tryggtrafikk.no\/fylkeskontorer\/trygg-trafikk-troms\/welcome-to-winter-wonderland\/\" \/>\n<meta property=\"og:site_name\" content=\"Trygg Trafikk - Fylkeskontorer\" \/>\n<meta property=\"article:modified_time\" content=\"2025-04-30T08:50:12+00:00\" \/>\n<meta property=\"og:image\" content=\"https:\/\/www.tryggtrafikk.no\/content\/uploads\/sites\/9\/2025\/02\/Arctic-Winter-Driving-1080x1080-px_1_1.jpg\" \/>\n\t<meta property=\"og:image:width\" content=\"1080\" \/>\n\t<meta property=\"og:image:height\" content=\"1080\" \/>\n\t<meta property=\"og:image:type\" content=\"image\/jpeg\" \/>\n<meta name=\"twitter:card\" content=\"summary_large_image\" \/>\n<meta name=\"twitter:label1\" content=\"Ansl. lesetid\" \/>\n\t<meta name=\"twitter:data1\" content=\"2 minutter\" \/>\n<script type=\"application\/ld+json\" class=\"yoast-schema-graph\">{\"@context\":\"https:\/\/schema.org\",\"@graph\":[{\"@type\":\"WebPage\",\"@id\":\"https:\/\/www.tryggtrafikk.no\/fylkeskontorer\/trygg-trafikk-troms\/welcome-to-winter-wonderland\/\",\"url\":\"https:\/\/www.tryggtrafikk.no\/fylkeskontorer\/trygg-trafikk-troms\/welcome-to-winter-wonderland\/\",\"name\":\"Welcome to winter wonderland - Trygg Trafikk - Fylkeskontorer\",\"isPartOf\":{\"@id\":\"https:\/\/www.tryggtrafikk.no\/fylkeskontorer\/#website\"},\"primaryImageOfPage\":{\"@id\":\"https:\/\/www.tryggtrafikk.no\/fylkeskontorer\/trygg-trafikk-troms\/welcome-to-winter-wonderland\/#primaryimage\"},\"image\":{\"@id\":\"https:\/\/www.tryggtrafikk.no\/fylkeskontorer\/trygg-trafikk-troms\/welcome-to-winter-wonderland\/#primaryimage\"},\"thumbnailUrl\":\"https:\/\/www.tryggtrafikk.no\/content\/uploads\/sites\/9\/2025\/02\/Arctic-Winter-Driving-1080x1080-px_1_1.jpg\",\"datePublished\":\"2025-02-10T11:26:30+00:00\",\"dateModified\":\"2025-04-30T08:50:12+00:00\",\"breadcrumb\":{\"@id\":\"https:\/\/www.tryggtrafikk.no\/fylkeskontorer\/trygg-trafikk-troms\/welcome-to-winter-wonderland\/#breadcrumb\"},\"inLanguage\":\"nb-NO\",\"potentialAction\":[{\"@type\":\"ReadAction\",\"target\":[\"https:\/\/www.tryggtrafikk.no\/fylkeskontorer\/trygg-trafikk-troms\/welcome-to-winter-wonderland\/\"]}]},{\"@type\":\"ImageObject\",\"inLanguage\":\"nb-NO\",\"@id\":\"https:\/\/www.tryggtrafikk.no\/fylkeskontorer\/trygg-trafikk-troms\/welcome-to-winter-wonderland\/#primaryimage\",\"url\":\"https:\/\/www.tryggtrafikk.no\/content\/uploads\/sites\/9\/2025\/02\/Arctic-Winter-Driving-1080x1080-px_1_1.jpg\",\"contentUrl\":\"https:\/\/www.tryggtrafikk.no\/content\/uploads\/sites\/9\/2025\/02\/Arctic-Winter-Driving-1080x1080-px_1_1.jpg\",\"width\":1080,\"height\":1080},{\"@type\":\"BreadcrumbList\",\"@id\":\"https:\/\/www.tryggtrafikk.no\/fylkeskontorer\/trygg-trafikk-troms\/welcome-to-winter-wonderland\/#breadcrumb\",\"itemListElement\":[{\"@type\":\"ListItem\",\"position\":1,\"name\":\"Home\",\"item\":\"https:\/\/www.tryggtrafikk.no\/fylkeskontorer\/\"},{\"@type\":\"ListItem\",\"position\":2,\"name\":\"Trygg Trafikk Troms\",\"item\":\"https:\/\/www.tryggtrafikk.no\/fylkeskontorer\/trygg-trafikk-troms\/\"},{\"@type\":\"ListItem\",\"position\":3,\"name\":\"Welcome to winter wonderland\"}]},{\"@type\":\"WebSite\",\"@id\":\"https:\/\/www.tryggtrafikk.no\/fylkeskontorer\/#website\",\"url\":\"https:\/\/www.tryggtrafikk.no\/fylkeskontorer\/\",\"name\":\"Trygg Trafikk - Fylkeskontorer\",\"description\":\"\",\"potentialAction\":[{\"@type\":\"SearchAction\",\"target\":{\"@type\":\"EntryPoint\",\"urlTemplate\":\"https:\/\/www.tryggtrafikk.no\/fylkeskontorer\/?s={search_term_string}\"},\"query-input\":{\"@type\":\"PropertyValueSpecification\",\"valueRequired\":true,\"valueName\":\"search_term_string\"}}],\"inLanguage\":\"nb-NO\"}]}<\/script>\n<!-- \/ Yoast SEO Premium plugin. -->","yoast_head_json":{"title":"Welcome to winter wonderland - Trygg Trafikk - Fylkeskontorer","robots":{"index":"index","follow":"follow","max-snippet":"max-snippet:-1","max-image-preview":"max-image-preview:large","max-video-preview":"max-video-preview:-1"},"canonical":"https:\/\/www.tryggtrafikk.no\/fylkeskontorer\/trygg-trafikk-troms\/welcome-to-winter-wonderland\/","og_locale":"nb_NO","og_type":"article","og_title":"Welcome to winter wonderland","og_description":"Vinterturismen i Nord-Norge har tatt av! Og p\u00e5 bakgrunn av en del u\u00f8nskede hendelser og ulykker i trafikken har vi utarbeidet denne kampanjen i samarbeid med Troms\u00f8 kommune og Politiet.","og_url":"https:\/\/www.tryggtrafikk.no\/fylkeskontorer\/trygg-trafikk-troms\/welcome-to-winter-wonderland\/","og_site_name":"Trygg Trafikk - Fylkeskontorer","article_modified_time":"2025-04-30T08:50:12+00:00","og_image":[{"width":1080,"height":1080,"url":"https:\/\/www.tryggtrafikk.no\/content\/uploads\/sites\/9\/2025\/02\/Arctic-Winter-Driving-1080x1080-px_1_1.jpg","type":"image\/jpeg"}],"twitter_card":"summary_large_image","twitter_misc":{"Ansl. lesetid":"2 minutter"},"schema":{"@context":"https:\/\/schema.org","@graph":[{"@type":"WebPage","@id":"https:\/\/www.tryggtrafikk.no\/fylkeskontorer\/trygg-trafikk-troms\/welcome-to-winter-wonderland\/","url":"https:\/\/www.tryggtrafikk.no\/fylkeskontorer\/trygg-trafikk-troms\/welcome-to-winter-wonderland\/","name":"Welcome to winter wonderland - Trygg Trafikk - Fylkeskontorer","isPartOf":{"@id":"https:\/\/www.tryggtrafikk.no\/fylkeskontorer\/#website"},"primaryImageOfPage":{"@id":"https:\/\/www.tryggtrafikk.no\/fylkeskontorer\/trygg-trafikk-troms\/welcome-to-winter-wonderland\/#primaryimage"},"image":{"@id":"https:\/\/www.tryggtrafikk.no\/fylkeskontorer\/trygg-trafikk-troms\/welcome-to-winter-wonderland\/#primaryimage"},"thumbnailUrl":"https:\/\/www.tryggtrafikk.no\/content\/uploads\/sites\/9\/2025\/02\/Arctic-Winter-Driving-1080x1080-px_1_1.jpg","datePublished":"2025-02-10T11:26:30+00:00","dateModified":"2025-04-30T08:50:12+00:00","breadcrumb":{"@id":"https:\/\/www.tryggtrafikk.no\/fylkeskontorer\/trygg-trafikk-troms\/welcome-to-winter-wonderland\/#breadcrumb"},"inLanguage":"nb-NO","potentialAction":[{"@type":"ReadAction","target":["https:\/\/www.tryggtrafikk.no\/fylkeskontorer\/trygg-trafikk-troms\/welcome-to-winter-wonderland\/"]}]},{"@type":"ImageObject","inLanguage":"nb-NO","@id":"https:\/\/www.tryggtrafikk.no\/fylkeskontorer\/trygg-trafikk-troms\/welcome-to-winter-wonderland\/#primaryimage","url":"https:\/\/www.tryggtrafikk.no\/content\/uploads\/sites\/9\/2025\/02\/Arctic-Winter-Driving-1080x1080-px_1_1.jpg","contentUrl":"https:\/\/www.tryggtrafikk.no\/content\/uploads\/sites\/9\/2025\/02\/Arctic-Winter-Driving-1080x1080-px_1_1.jpg","width":1080,"height":1080},{"@type":"BreadcrumbList","@id":"https:\/\/www.tryggtrafikk.no\/fylkeskontorer\/trygg-trafikk-troms\/welcome-to-winter-wonderland\/#breadcrumb","itemListElement":[{"@type":"ListItem","position":1,"name":"Home","item":"https:\/\/www.tryggtrafikk.no\/fylkeskontorer\/"},{"@type":"ListItem","position":2,"name":"Trygg Trafikk Troms","item":"https:\/\/www.tryggtrafikk.no\/fylkeskontorer\/trygg-trafikk-troms\/"},{"@type":"ListItem","position":3,"name":"Welcome to winter wonderland"}]},{"@type":"WebSite","@id":"https:\/\/www.tryggtrafikk.no\/fylkeskontorer\/#website","url":"https:\/\/www.tryggtrafikk.no\/fylkeskontorer\/","name":"Trygg Trafikk - Fylkeskontorer","description":"","potentialAction":[{"@type":"SearchAction","target":{"@type":"EntryPoint","urlTemplate":"https:\/\/www.tryggtrafikk.no\/fylkeskontorer\/?s={search_term_string}"},"query-input":{"@type":"PropertyValueSpecification","valueRequired":true,"valueName":"search_term_string"}}],"inLanguage":"nb-NO"}]}},"_links":{"self":[{"href":"https:\/\/www.tryggtrafikk.no\/fylkeskontorer\/wp-json\/wp\/v2\/pages\/903","targetHints":{"allow":["GET"]}}],"collection":[{"href":"https:\/\/www.tryggtrafikk.no\/fylkeskontorer\/wp-json\/wp\/v2\/pages"}],"about":[{"href":"https:\/\/www.tryggtrafikk.no\/fylkeskontorer\/wp-json\/wp\/v2\/types\/page"}],"author":[{"embeddable":true,"href":"https:\/\/www.tryggtrafikk.no\/fylkeskontorer\/wp-json\/wp\/v2\/users\/10"}],"replies":[{"embeddable":true,"href":"https:\/\/www.tryggtrafikk.no\/fylkeskontorer\/wp-json\/wp\/v2\/comments?post=903"}],"version-history":[{"count":5,"href":"https:\/\/www.tryggtrafikk.no\/fylkeskontorer\/wp-json\/wp\/v2\/pages\/903\/revisions"}],"predecessor-version":[{"id":996,"href":"https:\/\/www.tryggtrafikk.no\/fylkeskontorer\/wp-json\/wp\/v2\/pages\/903\/revisions\/996"}],"up":[{"embeddable":true,"href":"https:\/\/www.tryggtrafikk.no\/fylkeskontorer\/wp-json\/wp\/v2\/pages\/23"}],"wp:featuredmedia":[{"embeddable":true,"href":"https:\/\/www.tryggtrafikk.no\/fylkeskontorer\/wp-json\/wp\/v2\/media\/904"}],"wp:attachment":[{"href":"https:\/\/www.tryggtrafikk.no\/fylkeskontorer\/wp-json\/wp\/v2\/media?parent=903"}],"wp:term":[{"taxonomy":"cs_tag","embeddable":true,"href":"https:\/\/www.tryggtrafikk.no\/fylkeskontorer\/wp-json\/wp\/v2\/cs_tag?post=903"}],"curies":[{"name":"wp","href":"https:\/\/api.w.org\/{rel}","templated":true}]}}