{"id":1246,"date":"2026-03-31T13:11:46","date_gmt":"2026-03-31T13:11:46","guid":{"rendered":"https:\/\/www.tryggtrafikk.no\/ung\/?page_id=1246"},"modified":"2026-04-01T20:11:33","modified_gmt":"2026-04-01T20:11:33","slug":"videregaende-skole","status":"publish","type":"page","link":"https:\/\/www.tryggtrafikk.no\/ung\/videregaende-skole\/","title":{"rendered":"Videreg\u00e5ende skole"},"content":{"rendered":"\n\t\t<div class=\"alignfull wp-block-tryggtrafikk-hero\" id=\"wp-block-tryggtrafikk-hero\">\n\t\t\t<div class=\"tryggtrafikk-hero__container\">\n\t\t\t\t<div class=\"tryggtrafikk-hero__image\"><img loading=\"lazy\" width=\"768\" height=\"512\" src=\"https:\/\/www.tryggtrafikk.no\/content\/uploads\/sites\/6\/2026\/04\/trygg-trafikk-ung3-768x512.jpg\" class=\"attachment-medium_large size-medium_large\" alt=\"\" style=\"--focalpoint: 58% 52%;\" srcset=\"https:\/\/www.tryggtrafikk.no\/content\/uploads\/sites\/6\/2026\/04\/trygg-trafikk-ung3-768x512.jpg 768w, https:\/\/www.tryggtrafikk.no\/content\/uploads\/sites\/6\/2026\/04\/trygg-trafikk-ung3-300x200.jpg 300w, https:\/\/www.tryggtrafikk.no\/content\/uploads\/sites\/6\/2026\/04\/trygg-trafikk-ung3-1024x682.jpg 1024w, https:\/\/www.tryggtrafikk.no\/content\/uploads\/sites\/6\/2026\/04\/trygg-trafikk-ung3-1536x1024.jpg 1536w, https:\/\/www.tryggtrafikk.no\/content\/uploads\/sites\/6\/2026\/04\/trygg-trafikk-ung3.jpg 2000w\" sizes=\"auto, (max-width: 768px) 100vw, 768px\" \/><\/div>\n\t\t\t\t<div class=\"tryggtrafikk-hero__content-container\">\n\t\t\t\t\t<div class=\"site-breadcrumbs\"><span><span><a href=\"https:\/\/www.tryggtrafikk.no\/ung\/\">Home<\/a><\/span><\/span><\/div>\n\t\t\t\t\t<h1 class=\"tryggtrafikk-hero__title\">Videreg\u00e5ende skole<\/h1>\n\t\t\t\t\t<div class=\"tryggtrafikk-hero__content\">\n\t\t\t\t\t\t\n<div class=\"has-text-align-left wp-block-post-excerpt\"><p class=\"wp-block-post-excerpt__excerpt\">Alle Trygg Trafikks oppl\u00e6ringsressurser er gratis og klare til \u00e5 tas i bruk av l\u00e6rere. V\u00e5rt m\u00e5l er om \u00e5 n\u00e5 ut til alle landets ungdommer. Sammen skaper vi enda en generasjon ansvarsfulle trafikanter. <\/p><\/div>\n\n\t\t\t\t\t<\/div>\n\t\t\t\t<\/div>\n\t\t\t<\/div>\n\t\t<\/div>\n\t\t\n\n<div style=\"--tryggtrafikk-links-blocks-columns:2;\" class=\"tryggtrafikk-links-blocks has-2-columns alignwide wp-block-tryggtrafikk-links-blocks\"><div class=\"tryggtrafikk-links-blocks__grid\">\n<div class=\"tryggtrafikk-links-block-item wp-block-tryggtrafikk-links-block-item\"><span class=\"tryggtrafikk-links-block-item__icon\" aria-hidden=\"true\"><svg viewBox=\"0 0 16 16\" focusable=\"false\"><path d=\"M7.61535 15.2307L6.73205 14.3359L12.818 8.24353H0V6.98718H12.818L6.73205 0.89485L7.61535 0L15.2307 7.61535L7.61535 15.2307Z\" fill=\"#3C3D43\"\/><\/svg><\/span><div class=\"tryggtrafikk-links-block-item__content\"><a href=\"https:\/\/underveis.co\/\" target=\"_blank\" rel=\"noreferrer noopener\"><h3 class=\"tryggtrafikk-links-block-item__heading\">Underveis<\/h3><p class=\"tryggtrafikk-links-block-item__description\">Undervisningsressurser basert p\u00e5 overordnet del og l\u00e6replanm\u00e5l i fag for ungdomsskole og videreg\u00e5ende.<\/p><span class=\"screen-reader-text\">Read more stories<\/span><\/a><\/div><\/div>\n\n<div class=\"tryggtrafikk-links-block-item wp-block-tryggtrafikk-links-block-item\"><span class=\"tryggtrafikk-links-block-item__icon\" aria-hidden=\"true\"><svg viewBox=\"0 0 16 16\" focusable=\"false\"><path d=\"M7.61535 15.2307L6.73205 14.3359L12.818 8.24353H0V6.98718H12.818L6.73205 0.89485L7.61535 0L15.2307 7.61535L7.61535 15.2307Z\" fill=\"#3C3D43\"\/><\/svg><\/span><div class=\"tryggtrafikk-links-block-item__content\"><a href=\"https:\/\/www.tryggtrafikk.no\/ung\/ta-vare-pa-gutta\/\"><h3 class=\"tryggtrafikk-links-block-item__heading\"><strong>Ta vare p\u00e5 gutta<\/strong><\/h3><p class=\"tryggtrafikk-links-block-item__description\">7 av 10 unge som d\u00f8r eller blir hardt skadet i trafikken er gutter. Hvorfor er det s\u00e5nn?\u00a0<\/p><span class=\"screen-reader-text\">Read more stories<\/span><\/a><p class=\"tryggtrafikk-links-block-item__extra\">Kampanje<\/p><\/div><\/div>\n<\/div><\/div>\n\n\n\t\t<div class=\"t2-simple-media-text alignwide is-mode-constrained is-gap-center wp-block-t2-simple-media-text has-background has-ung-lighter-purple-background-color\">\n\t\t\t<div class=\"t2-simple-media-text__container\">\n\t\t\t\t<figure class=\"t2-simple-media-text__image\"><img loading=\"lazy\" width=\"768\" height=\"512\" src=\"https:\/\/www.tryggtrafikk.no\/content\/uploads\/sites\/6\/2026\/03\/bremselengde-kalkulator.jpg\" class=\"wp-image-1247 size-medium_large attachment-medium_large\" alt=\"grafikk med tegninger og matematiske formler\" style=\"--focalpoint: 50% 50%;\" srcset=\"https:\/\/www.tryggtrafikk.no\/content\/uploads\/sites\/6\/2026\/03\/bremselengde-kalkulator.jpg 768w, https:\/\/www.tryggtrafikk.no\/content\/uploads\/sites\/6\/2026\/03\/bremselengde-kalkulator-300x200.jpg 300w\" sizes=\"auto, (max-width: 768px) 100vw, 768px\" \/><\/figure>\n\t\t\t\t<div class=\"t2-simple-media-text__content-container\">\n\t\t\t\t\t<div class=\"t2-simple-media-text__content\">\n\t\t\t\t\t\t<div class=\"t2-simple-media-text__content-inner is-layout-flow\">\n\t\t\t\t\t\t\t\n\n<h2 class=\"wp-block-heading\" id=\"h-bremselengde-kalkulator\"><a href=\"https:\/\/www.tryggtrafikk.no\/ung\/ung\/underveis\/bremselengde-og-kollisjonskalkulator\/\">Bremselengde-kalkulator<\/a><\/h2>\n\n\n\n<p>Sitter du i et ungdomsr\u00e5d? Eller er du koordinator for et ungdomsr\u00e5d?&nbsp; Da har du en viktig rolle. Vi har konkrete tips og ideer til hvordan ungdomsr\u00e5det kan kan ta tak i det viktige kommunale trafikksikkerhetsarbeidet.&nbsp;&nbsp;<\/p>\n\n\n\t\t\t\t\t\t<\/div>\n\t\t\t\t\t<\/div>\n\t\t\t\t<\/div>\n\t\t\t<\/div>\n\t\t<\/div>\n\t\t\n\n\n<p><\/p>\n","protected":false},"excerpt":{"rendered":"<p>Alle Trygg Trafikks oppl\u00e6ringsressurser er gratis og klare til \u00e5 tas i bruk av l\u00e6rere. V\u00e5rt m\u00e5l er om \u00e5 n\u00e5 ut til alle landets ungdommer. Sammen skaper vi enda en generasjon ansvarsfulle trafikanter.<\/p>\n","protected":false},"author":1,"featured_media":1233,"parent":0,"menu_order":0,"comment_status":"closed","ping_status":"closed","template":"","meta":{"show_toc":false,"tryggtrafikk_poll_votes":[],"hide_header_title":false,"alt_breadcrumbs_title":"","footnotes":"","boosted":0},"cs_tag":[],"class_list":["post-1246","page","type-page","status-publish","has-post-thumbnail","hentry"],"yoast_head":"<!-- This site is optimized with the Yoast SEO Premium plugin v26.1 (Yoast SEO v26.1.1) - https:\/\/yoast.com\/wordpress\/plugins\/seo\/ -->\n<title>Videreg\u00e5ende skole - UNG<\/title>\n<meta name=\"robots\" content=\"index, follow, max-snippet:-1, max-image-preview:large, max-video-preview:-1\" \/>\n<link rel=\"canonical\" href=\"https:\/\/www.tryggtrafikk.no\/ung\/videregaende-skole\/\" \/>\n<meta property=\"og:locale\" content=\"nb_NO\" \/>\n<meta property=\"og:type\" content=\"article\" \/>\n<meta property=\"og:title\" content=\"Videreg\u00e5ende skole\" \/>\n<meta property=\"og:description\" content=\"Alle Trygg Trafikks oppl\u00e6ringsressurser er gratis og klare til \u00e5 tas i bruk av l\u00e6rere. V\u00e5rt m\u00e5l er om \u00e5 n\u00e5 ut til alle landets ungdommer. Sammen skaper vi enda en generasjon ansvarsfulle trafikanter.\" \/>\n<meta property=\"og:url\" content=\"https:\/\/www.tryggtrafikk.no\/ung\/videregaende-skole\/\" \/>\n<meta property=\"og:site_name\" content=\"UNG\" \/>\n<meta property=\"article:modified_time\" content=\"2026-04-01T20:11:33+00:00\" \/>\n<meta property=\"og:image\" content=\"https:\/\/www.tryggtrafikk.no\/content\/uploads\/sites\/6\/2026\/03\/COLOURBOX63957583-scaled.jpg\" \/>\n\t<meta property=\"og:image:width\" content=\"2560\" \/>\n\t<meta property=\"og:image:height\" content=\"1686\" \/>\n\t<meta property=\"og:image:type\" content=\"image\/jpeg\" \/>\n<meta name=\"twitter:card\" content=\"summary_large_image\" \/>\n<meta name=\"twitter:label1\" content=\"Ansl. lesetid\" \/>\n\t<meta name=\"twitter:data1\" content=\"1 minutt\" \/>\n<script type=\"application\/ld+json\" class=\"yoast-schema-graph\">{\"@context\":\"https:\/\/schema.org\",\"@graph\":[{\"@type\":\"WebPage\",\"@id\":\"https:\/\/www.tryggtrafikk.no\/ung\/videregaende-skole\/\",\"url\":\"https:\/\/www.tryggtrafikk.no\/ung\/videregaende-skole\/\",\"name\":\"Videreg\u00e5ende skole - UNG\",\"isPartOf\":{\"@id\":\"https:\/\/www.tryggtrafikk.no\/ung\/#website\"},\"primaryImageOfPage\":{\"@id\":\"https:\/\/www.tryggtrafikk.no\/ung\/videregaende-skole\/#primaryimage\"},\"image\":{\"@id\":\"https:\/\/www.tryggtrafikk.no\/ung\/videregaende-skole\/#primaryimage\"},\"thumbnailUrl\":\"https:\/\/www.tryggtrafikk.no\/content\/uploads\/sites\/6\/2026\/03\/COLOURBOX63957583-scaled.jpg\",\"datePublished\":\"2026-03-31T13:11:46+00:00\",\"dateModified\":\"2026-04-01T20:11:33+00:00\",\"breadcrumb\":{\"@id\":\"https:\/\/www.tryggtrafikk.no\/ung\/videregaende-skole\/#breadcrumb\"},\"inLanguage\":\"nb-NO\",\"potentialAction\":[{\"@type\":\"ReadAction\",\"target\":[\"https:\/\/www.tryggtrafikk.no\/ung\/videregaende-skole\/\"]}]},{\"@type\":\"ImageObject\",\"inLanguage\":\"nb-NO\",\"@id\":\"https:\/\/www.tryggtrafikk.no\/ung\/videregaende-skole\/#primaryimage\",\"url\":\"https:\/\/www.tryggtrafikk.no\/content\/uploads\/sites\/6\/2026\/03\/COLOURBOX63957583-scaled.jpg\",\"contentUrl\":\"https:\/\/www.tryggtrafikk.no\/content\/uploads\/sites\/6\/2026\/03\/COLOURBOX63957583-scaled.jpg\",\"width\":2560,\"height\":1686,\"caption\":\"Teenager, friends and portrait for campus education or learning development, growth or scholarship. Girls, boys and row in building hallway with books for student in middle school, group or smile.\"},{\"@type\":\"BreadcrumbList\",\"@id\":\"https:\/\/www.tryggtrafikk.no\/ung\/videregaende-skole\/#breadcrumb\",\"itemListElement\":[{\"@type\":\"ListItem\",\"position\":1,\"name\":\"Home\",\"item\":\"https:\/\/www.tryggtrafikk.no\/ung\/\"},{\"@type\":\"ListItem\",\"position\":2,\"name\":\"Videreg\u00e5ende skole\"}]},{\"@type\":\"WebSite\",\"@id\":\"https:\/\/www.tryggtrafikk.no\/ung\/#website\",\"url\":\"https:\/\/www.tryggtrafikk.no\/ung\/\",\"name\":\"UNG\",\"description\":\"\",\"potentialAction\":[{\"@type\":\"SearchAction\",\"target\":{\"@type\":\"EntryPoint\",\"urlTemplate\":\"https:\/\/www.tryggtrafikk.no\/ung\/?s={search_term_string}\"},\"query-input\":{\"@type\":\"PropertyValueSpecification\",\"valueRequired\":true,\"valueName\":\"search_term_string\"}}],\"inLanguage\":\"nb-NO\"}]}<\/script>\n<!-- \/ Yoast SEO Premium plugin. -->","yoast_head_json":{"title":"Videreg\u00e5ende skole - UNG","robots":{"index":"index","follow":"follow","max-snippet":"max-snippet:-1","max-image-preview":"max-image-preview:large","max-video-preview":"max-video-preview:-1"},"canonical":"https:\/\/www.tryggtrafikk.no\/ung\/videregaende-skole\/","og_locale":"nb_NO","og_type":"article","og_title":"Videreg\u00e5ende skole","og_description":"Alle Trygg Trafikks oppl\u00e6ringsressurser er gratis og klare til \u00e5 tas i bruk av l\u00e6rere. V\u00e5rt m\u00e5l er om \u00e5 n\u00e5 ut til alle landets ungdommer. Sammen skaper vi enda en generasjon ansvarsfulle trafikanter.","og_url":"https:\/\/www.tryggtrafikk.no\/ung\/videregaende-skole\/","og_site_name":"UNG","article_modified_time":"2026-04-01T20:11:33+00:00","og_image":[{"width":2560,"height":1686,"url":"https:\/\/www.tryggtrafikk.no\/content\/uploads\/sites\/6\/2026\/03\/COLOURBOX63957583-scaled.jpg","type":"image\/jpeg"}],"twitter_card":"summary_large_image","twitter_misc":{"Ansl. lesetid":"1 minutt"},"schema":{"@context":"https:\/\/schema.org","@graph":[{"@type":"WebPage","@id":"https:\/\/www.tryggtrafikk.no\/ung\/videregaende-skole\/","url":"https:\/\/www.tryggtrafikk.no\/ung\/videregaende-skole\/","name":"Videreg\u00e5ende skole - UNG","isPartOf":{"@id":"https:\/\/www.tryggtrafikk.no\/ung\/#website"},"primaryImageOfPage":{"@id":"https:\/\/www.tryggtrafikk.no\/ung\/videregaende-skole\/#primaryimage"},"image":{"@id":"https:\/\/www.tryggtrafikk.no\/ung\/videregaende-skole\/#primaryimage"},"thumbnailUrl":"https:\/\/www.tryggtrafikk.no\/content\/uploads\/sites\/6\/2026\/03\/COLOURBOX63957583-scaled.jpg","datePublished":"2026-03-31T13:11:46+00:00","dateModified":"2026-04-01T20:11:33+00:00","breadcrumb":{"@id":"https:\/\/www.tryggtrafikk.no\/ung\/videregaende-skole\/#breadcrumb"},"inLanguage":"nb-NO","potentialAction":[{"@type":"ReadAction","target":["https:\/\/www.tryggtrafikk.no\/ung\/videregaende-skole\/"]}]},{"@type":"ImageObject","inLanguage":"nb-NO","@id":"https:\/\/www.tryggtrafikk.no\/ung\/videregaende-skole\/#primaryimage","url":"https:\/\/www.tryggtrafikk.no\/content\/uploads\/sites\/6\/2026\/03\/COLOURBOX63957583-scaled.jpg","contentUrl":"https:\/\/www.tryggtrafikk.no\/content\/uploads\/sites\/6\/2026\/03\/COLOURBOX63957583-scaled.jpg","width":2560,"height":1686,"caption":"Teenager, friends and portrait for campus education or learning development, growth or scholarship. Girls, boys and row in building hallway with books for student in middle school, group or smile."},{"@type":"BreadcrumbList","@id":"https:\/\/www.tryggtrafikk.no\/ung\/videregaende-skole\/#breadcrumb","itemListElement":[{"@type":"ListItem","position":1,"name":"Home","item":"https:\/\/www.tryggtrafikk.no\/ung\/"},{"@type":"ListItem","position":2,"name":"Videreg\u00e5ende skole"}]},{"@type":"WebSite","@id":"https:\/\/www.tryggtrafikk.no\/ung\/#website","url":"https:\/\/www.tryggtrafikk.no\/ung\/","name":"UNG","description":"","potentialAction":[{"@type":"SearchAction","target":{"@type":"EntryPoint","urlTemplate":"https:\/\/www.tryggtrafikk.no\/ung\/?s={search_term_string}"},"query-input":{"@type":"PropertyValueSpecification","valueRequired":true,"valueName":"search_term_string"}}],"inLanguage":"nb-NO"}]}},"_links":{"self":[{"href":"https:\/\/www.tryggtrafikk.no\/ung\/wp-json\/wp\/v2\/pages\/1246","targetHints":{"allow":["GET"]}}],"collection":[{"href":"https:\/\/www.tryggtrafikk.no\/ung\/wp-json\/wp\/v2\/pages"}],"about":[{"href":"https:\/\/www.tryggtrafikk.no\/ung\/wp-json\/wp\/v2\/types\/page"}],"author":[{"embeddable":true,"href":"https:\/\/www.tryggtrafikk.no\/ung\/wp-json\/wp\/v2\/users\/1"}],"replies":[{"embeddable":true,"href":"https:\/\/www.tryggtrafikk.no\/ung\/wp-json\/wp\/v2\/comments?post=1246"}],"version-history":[{"count":5,"href":"https:\/\/www.tryggtrafikk.no\/ung\/wp-json\/wp\/v2\/pages\/1246\/revisions"}],"predecessor-version":[{"id":1294,"href":"https:\/\/www.tryggtrafikk.no\/ung\/wp-json\/wp\/v2\/pages\/1246\/revisions\/1294"}],"wp:featuredmedia":[{"embeddable":true,"href":"https:\/\/www.tryggtrafikk.no\/ung\/wp-json\/wp\/v2\/media\/1233"}],"wp:attachment":[{"href":"https:\/\/www.tryggtrafikk.no\/ung\/wp-json\/wp\/v2\/media?parent=1246"}],"wp:term":[{"taxonomy":"cs_tag","embeddable":true,"href":"https:\/\/www.tryggtrafikk.no\/ung\/wp-json\/wp\/v2\/cs_tag?post=1246"}],"curies":[{"name":"wp","href":"https:\/\/api.w.org\/{rel}","templated":true}]}}